{"id":4993,"date":"2025-04-17T10:56:30","date_gmt":"2025-04-17T08:56:30","guid":{"rendered":"https:\/\/www.ondernemendvenlo.nl\/?post_type=events&#038;p=4993"},"modified":"2025-04-17T16:40:05","modified_gmt":"2025-04-17T14:40:05","slug":"algemene-ledenvergadering","status":"publish","type":"events","link":"https:\/\/www.ondernemendvenlo.nl\/de\/events\/algemene-ledenvergadering\/","title":{"rendered":"Generalversammlung"},"content":{"rendered":"<p><strong>Am 7. Mai werden wir unsere Mitgliederversammlung abhalten.<\/strong><\/p>\n<p>W\u00e4hrend dieser Fr\u00fchst\u00fcckssitzung werden wir Sie \u00fcber die neuesten Entwicklungen bei Ondernemend Venlo informieren. Wir sprechen unter anderem \u00fcber die Fortschritte der Parkverwaltung, die BIZ-F\u00f6rderma\u00dfnahme und geben Ihnen einen Einblick in unsere erneuerte Kommunikationsplattform Bundeling, die neue Website und den neuen Hausstil. Nat\u00fcrlich gibt es auch Raum f\u00fcr Fragen und Ideen.<\/p>\n<p><strong>Tagesordnung<\/strong><\/p>\n<p><strong>07.45 - Begr\u00fc\u00dfung mit Kaffee und Fr\u00fchst\u00fcck<\/strong><\/p>\n<p><strong>08.15 - Er\u00f6ffnung durch den Vorsitzenden<\/strong><br \/>\nBegr\u00fc\u00dfung und kurzer R\u00fcckblick auf den vergangenen Zeitraum.<\/p>\n<p><strong>08.20 - Allgemeines Update von Entrepreneurial Venlo<\/strong><br \/>\nWas tut sich in OV? Stand der Dinge und Blick in die Zukunft.<\/p>\n<p><strong>08.30 Uhr - Aktualisierung der Parkverwaltung<\/strong><br \/>\nAktuelle Entwicklungen in und um Gewerbegebiete.<\/p>\n<p><strong>08.40 - Aktualisierung durch den Schatzmeister<\/strong><br \/>\nFinanzbericht, Kassenpr\u00fcfung und Haushaltsplan f\u00fcr 2025.<\/p>\n<p><strong>08.50 Uhr - BIZ-Unterst\u00fctzungsmessung<\/strong><br \/>\nErl\u00e4uterung des Verfahrens, des Zeitplans und der Bedeutung f\u00fcr Sie als Unternehmer.<\/p>\n<p><strong>09.00 - B\u00fcndelung<\/strong><br \/>\nWir stellen Ihnen unsere neue Kommunikationsplattform vor.<\/p>\n<p><strong>09.15 - Fragen und Kommentare der Mitglieder<\/strong><\/p>\n<p><strong>09.25 Uhr - Schlie\u00dfung<\/strong><\/p>\n<p>Wir hoffen auf Ihre Teilnahme und freuen uns auf einen anregenden und informativen Vormittag!<\/p>\n<p>Die Anmeldung ist bis zum 2. Mai \u00fcber Bundling m\u00f6glich.<\/p>","protected":false},"featured_media":4994,"template":"","meta":{"_acf_changed":false},"class_list":["post-4993","events","type-events","status-publish","has-post-thumbnail","hentry"],"acf":[],"yoast_head":"<!-- This site is optimized with the Yoast SEO plugin v26.3 - https:\/\/yoast.com\/wordpress\/plugins\/seo\/ -->\n<title>Algemene Ledenvergadering - Ondernemend Venlo<\/title>\n<meta name=\"robots\" content=\"index, follow, max-snippet:-1, max-image-preview:large, max-video-preview:-1\" \/>\n<link rel=\"canonical\" href=\"https:\/\/www.ondernemendvenlo.nl\/de\/events\/algemene-ledenvergadering\/\" \/>\n<meta property=\"og:locale\" content=\"de_DE\" \/>\n<meta property=\"og:type\" content=\"article\" \/>\n<meta property=\"og:title\" content=\"Algemene Ledenvergadering - Ondernemend Venlo\" \/>\n<meta property=\"og:description\" content=\"Op 7 mei organiseren we onze algemene ledenvergadering. Tijdens deze ontbijtsessie praten we je bij over de laatste ontwikkelingen binnen Ondernemend Venlo. We bespreken onder andere de voortgang van het parkmanagement, de BIZ-draagvlakmeting, en we geven een inkijkje in ons vernieuwde communicatieplatform Bundeling, de nieuwe website \u00e9n de nieuwe huisstijl. Daarnaast is er natuurlijk ruimte [&hellip;]\" \/>\n<meta property=\"og:url\" content=\"https:\/\/www.ondernemendvenlo.nl\/de\/events\/algemene-ledenvergadering\/\" \/>\n<meta property=\"og:site_name\" content=\"Ondernemend Venlo\" \/>\n<meta property=\"article:modified_time\" content=\"2025-04-17T14:40:05+00:00\" \/>\n<meta property=\"og:image\" content=\"https:\/\/www.ondernemendvenlo.nl\/wp-content\/uploads\/2025\/04\/IMG_2570-zaal-2-web-1.jpg\" \/>\n\t<meta property=\"og:image:width\" content=\"704\" \/>\n\t<meta property=\"og:image:height\" content=\"465\" \/>\n\t<meta property=\"og:image:type\" content=\"image\/jpeg\" \/>\n<meta name=\"twitter:card\" content=\"summary_large_image\" \/>\n<meta name=\"twitter:label1\" content=\"Gesch\u00e4tzte Lesezeit\" \/>\n\t<meta name=\"twitter:data1\" content=\"2\u00a0Minuten\" \/>\n<script type=\"application\/ld+json\" class=\"yoast-schema-graph\">{\"@context\":\"https:\/\/schema.org\",\"@graph\":[{\"@type\":\"WebPage\",\"@id\":\"https:\/\/www.ondernemendvenlo.nl\/events\/algemene-ledenvergadering\/\",\"url\":\"https:\/\/www.ondernemendvenlo.nl\/events\/algemene-ledenvergadering\/\",\"name\":\"Algemene Ledenvergadering - Ondernemend Venlo\",\"isPartOf\":{\"@id\":\"https:\/\/www.ondernemendvenlo.nl\/#website\"},\"primaryImageOfPage\":{\"@id\":\"https:\/\/www.ondernemendvenlo.nl\/events\/algemene-ledenvergadering\/#primaryimage\"},\"image\":{\"@id\":\"https:\/\/www.ondernemendvenlo.nl\/events\/algemene-ledenvergadering\/#primaryimage\"},\"thumbnailUrl\":\"https:\/\/www.ondernemendvenlo.nl\/wp-content\/uploads\/2025\/04\/IMG_2570-zaal-2-web-1.jpg\",\"datePublished\":\"2025-04-17T08:56:30+00:00\",\"dateModified\":\"2025-04-17T14:40:05+00:00\",\"breadcrumb\":{\"@id\":\"https:\/\/www.ondernemendvenlo.nl\/events\/algemene-ledenvergadering\/#breadcrumb\"},\"inLanguage\":\"de\",\"potentialAction\":[{\"@type\":\"ReadAction\",\"target\":[\"https:\/\/www.ondernemendvenlo.nl\/events\/algemene-ledenvergadering\/\"]}]},{\"@type\":\"ImageObject\",\"inLanguage\":\"de\",\"@id\":\"https:\/\/www.ondernemendvenlo.nl\/events\/algemene-ledenvergadering\/#primaryimage\",\"url\":\"https:\/\/www.ondernemendvenlo.nl\/wp-content\/uploads\/2025\/04\/IMG_2570-zaal-2-web-1.jpg\",\"contentUrl\":\"https:\/\/www.ondernemendvenlo.nl\/wp-content\/uploads\/2025\/04\/IMG_2570-zaal-2-web-1.jpg\",\"width\":704,\"height\":465},{\"@type\":\"BreadcrumbList\",\"@id\":\"https:\/\/www.ondernemendvenlo.nl\/events\/algemene-ledenvergadering\/#breadcrumb\",\"itemListElement\":[{\"@type\":\"ListItem\",\"position\":1,\"name\":\"Ondernemend Venlo\",\"item\":\"https:\/\/www.ondernemendvenlo.nl\/\"},{\"@type\":\"ListItem\",\"position\":2,\"name\":\"Algemene Ledenvergadering\"}]},{\"@type\":\"WebSite\",\"@id\":\"https:\/\/www.ondernemendvenlo.nl\/#website\",\"url\":\"https:\/\/www.ondernemendvenlo.nl\/\",\"name\":\"Ondernemend Venlo\",\"description\":\"Samen succesvol ondernemen\",\"publisher\":{\"@id\":\"https:\/\/www.ondernemendvenlo.nl\/#organization\"},\"potentialAction\":[{\"@type\":\"SearchAction\",\"target\":{\"@type\":\"EntryPoint\",\"urlTemplate\":\"https:\/\/www.ondernemendvenlo.nl\/?s={search_term_string}\"},\"query-input\":{\"@type\":\"PropertyValueSpecification\",\"valueRequired\":true,\"valueName\":\"search_term_string\"}}],\"inLanguage\":\"de\"},{\"@type\":\"Organization\",\"@id\":\"https:\/\/www.ondernemendvenlo.nl\/#organization\",\"name\":\"Ondernemend Venlo\",\"url\":\"https:\/\/www.ondernemendvenlo.nl\/\",\"logo\":{\"@type\":\"ImageObject\",\"inLanguage\":\"de\",\"@id\":\"https:\/\/www.ondernemendvenlo.nl\/#\/schema\/logo\/image\/\",\"url\":\"https:\/\/www.ondernemendvenlo.nl\/wp-content\/uploads\/2025\/02\/Ondernemend-Venlo-logo-scaled.webp\",\"contentUrl\":\"https:\/\/www.ondernemendvenlo.nl\/wp-content\/uploads\/2025\/02\/Ondernemend-Venlo-logo-scaled.webp\",\"width\":2560,\"height\":1010,\"caption\":\"Ondernemend Venlo\"},\"image\":{\"@id\":\"https:\/\/www.ondernemendvenlo.nl\/#\/schema\/logo\/image\/\"},\"sameAs\":[\"https:\/\/www.linkedin.com\/company\/ondernemend-venlo\/\"]}]}<\/script>\n<!-- \/ Yoast SEO plugin. -->","yoast_head_json":{"title":"Algemene Ledenvergadering - Ondernemend Venlo","robots":{"index":"index","follow":"follow","max-snippet":"max-snippet:-1","max-image-preview":"max-image-preview:large","max-video-preview":"max-video-preview:-1"},"canonical":"https:\/\/www.ondernemendvenlo.nl\/de\/events\/algemene-ledenvergadering\/","og_locale":"de_DE","og_type":"article","og_title":"Algemene Ledenvergadering - Ondernemend Venlo","og_description":"Op 7 mei organiseren we onze algemene ledenvergadering. Tijdens deze ontbijtsessie praten we je bij over de laatste ontwikkelingen binnen Ondernemend Venlo. We bespreken onder andere de voortgang van het parkmanagement, de BIZ-draagvlakmeting, en we geven een inkijkje in ons vernieuwde communicatieplatform Bundeling, de nieuwe website \u00e9n de nieuwe huisstijl. Daarnaast is er natuurlijk ruimte [&hellip;]","og_url":"https:\/\/www.ondernemendvenlo.nl\/de\/events\/algemene-ledenvergadering\/","og_site_name":"Ondernemend Venlo","article_modified_time":"2025-04-17T14:40:05+00:00","og_image":[{"width":704,"height":465,"url":"https:\/\/www.ondernemendvenlo.nl\/wp-content\/uploads\/2025\/04\/IMG_2570-zaal-2-web-1.jpg","type":"image\/jpeg"}],"twitter_card":"summary_large_image","twitter_misc":{"Gesch\u00e4tzte Lesezeit":"2\u00a0Minuten"},"schema":{"@context":"https:\/\/schema.org","@graph":[{"@type":"WebPage","@id":"https:\/\/www.ondernemendvenlo.nl\/events\/algemene-ledenvergadering\/","url":"https:\/\/www.ondernemendvenlo.nl\/events\/algemene-ledenvergadering\/","name":"Algemene Ledenvergadering - Ondernemend Venlo","isPartOf":{"@id":"https:\/\/www.ondernemendvenlo.nl\/#website"},"primaryImageOfPage":{"@id":"https:\/\/www.ondernemendvenlo.nl\/events\/algemene-ledenvergadering\/#primaryimage"},"image":{"@id":"https:\/\/www.ondernemendvenlo.nl\/events\/algemene-ledenvergadering\/#primaryimage"},"thumbnailUrl":"https:\/\/www.ondernemendvenlo.nl\/wp-content\/uploads\/2025\/04\/IMG_2570-zaal-2-web-1.jpg","datePublished":"2025-04-17T08:56:30+00:00","dateModified":"2025-04-17T14:40:05+00:00","breadcrumb":{"@id":"https:\/\/www.ondernemendvenlo.nl\/events\/algemene-ledenvergadering\/#breadcrumb"},"inLanguage":"de","potentialAction":[{"@type":"ReadAction","target":["https:\/\/www.ondernemendvenlo.nl\/events\/algemene-ledenvergadering\/"]}]},{"@type":"ImageObject","inLanguage":"de","@id":"https:\/\/www.ondernemendvenlo.nl\/events\/algemene-ledenvergadering\/#primaryimage","url":"https:\/\/www.ondernemendvenlo.nl\/wp-content\/uploads\/2025\/04\/IMG_2570-zaal-2-web-1.jpg","contentUrl":"https:\/\/www.ondernemendvenlo.nl\/wp-content\/uploads\/2025\/04\/IMG_2570-zaal-2-web-1.jpg","width":704,"height":465},{"@type":"BreadcrumbList","@id":"https:\/\/www.ondernemendvenlo.nl\/events\/algemene-ledenvergadering\/#breadcrumb","itemListElement":[{"@type":"ListItem","position":1,"name":"Ondernemend Venlo","item":"https:\/\/www.ondernemendvenlo.nl\/"},{"@type":"ListItem","position":2,"name":"Algemene Ledenvergadering"}]},{"@type":"WebSite","@id":"https:\/\/www.ondernemendvenlo.nl\/#website","url":"https:\/\/www.ondernemendvenlo.nl\/","name":"Unternehmerisches Venlo","description":"Samen succesvol ondernemen","publisher":{"@id":"https:\/\/www.ondernemendvenlo.nl\/#organization"},"potentialAction":[{"@type":"SearchAction","target":{"@type":"EntryPoint","urlTemplate":"https:\/\/www.ondernemendvenlo.nl\/?s={search_term_string}"},"query-input":{"@type":"PropertyValueSpecification","valueRequired":true,"valueName":"search_term_string"}}],"inLanguage":"de"},{"@type":"Organization","@id":"https:\/\/www.ondernemendvenlo.nl\/#organization","name":"Unternehmerisches Venlo","url":"https:\/\/www.ondernemendvenlo.nl\/","logo":{"@type":"ImageObject","inLanguage":"de","@id":"https:\/\/www.ondernemendvenlo.nl\/#\/schema\/logo\/image\/","url":"https:\/\/www.ondernemendvenlo.nl\/wp-content\/uploads\/2025\/02\/Ondernemend-Venlo-logo-scaled.webp","contentUrl":"https:\/\/www.ondernemendvenlo.nl\/wp-content\/uploads\/2025\/02\/Ondernemend-Venlo-logo-scaled.webp","width":2560,"height":1010,"caption":"Ondernemend Venlo"},"image":{"@id":"https:\/\/www.ondernemendvenlo.nl\/#\/schema\/logo\/image\/"},"sameAs":["https:\/\/www.linkedin.com\/company\/ondernemend-venlo\/"]}]}},"_links":{"self":[{"href":"https:\/\/www.ondernemendvenlo.nl\/de\/wp-json\/wp\/v2\/events\/4993","targetHints":{"allow":["GET"]}}],"collection":[{"href":"https:\/\/www.ondernemendvenlo.nl\/de\/wp-json\/wp\/v2\/events"}],"about":[{"href":"https:\/\/www.ondernemendvenlo.nl\/de\/wp-json\/wp\/v2\/types\/events"}],"wp:featuredmedia":[{"embeddable":true,"href":"https:\/\/www.ondernemendvenlo.nl\/de\/wp-json\/wp\/v2\/media\/4994"}],"wp:attachment":[{"href":"https:\/\/www.ondernemendvenlo.nl\/de\/wp-json\/wp\/v2\/media?parent=4993"}],"curies":[{"name":"wp","href":"https:\/\/api.w.org\/{rel}","templated":true}]}}

<p><strong>Am 7. Mai werden wir unsere Mitgliederversammlung abhalten.</strong></p>
<p>Während dieser Frühstückssitzung werden wir Sie über die neuesten Entwicklungen bei Ondernemend Venlo informieren. Wir sprechen unter anderem über die Fortschritte der Parkverwaltung, die BIZ-Fördermaßnahme und geben Ihnen einen Einblick in unsere erneuerte Kommunikationsplattform Bundeling, die neue Website und den neuen Hausstil. Natürlich gibt es auch Raum für Fragen und Ideen.</p>
<p><strong>Tagesordnung</strong></p>
<p><strong>07.45 - Begrüßung mit Kaffee und Frühstück</strong></p>
<p><strong>08.15 - Eröffnung durch den Vorsitzenden</strong><br />
Begrüßung und kurzer Rückblick auf den vergangenen Zeitraum.</p>
<p><strong>08.20 - Allgemeines Update von Entrepreneurial Venlo</strong><br />
Was tut sich in OV? Stand der Dinge und Blick in die Zukunft.</p>
<p><strong>08.30 Uhr - Aktualisierung der Parkverwaltung</strong><br />
Aktuelle Entwicklungen in und um Gewerbegebiete.</p>
<p><strong>08.40 - Aktualisierung durch den Schatzmeister</strong><br />
Finanzbericht, Kassenprüfung und Haushaltsplan für 2025.</p>
<p><strong>08.50 Uhr - BIZ-Unterstützungsmessung</strong><br />
Erläuterung des Verfahrens, des Zeitplans und der Bedeutung für Sie als Unternehmer.</p>
<p><strong>09.00 - Bündelung</strong><br />
Wir stellen Ihnen unsere neue Kommunikationsplattform vor.</p>
<p><strong>09.15 - Fragen und Kommentare der Mitglieder</strong></p>
<p><strong>09.25 Uhr - Schließung</strong></p>
<p>Wir hoffen auf Ihre Teilnahme und freuen uns auf einen anregenden und informativen Vormittag!</p>
<p>Die Anmeldung ist bis zum 2. Mai über Bundling möglich.</p>

<!-- This site is optimized with the Yoast SEO plugin v26.3 - https://yoast.com/wordpress/plugins/seo/ -->
<title>Algemene Ledenvergadering - Ondernemend Venlo</title>
<meta name="robots" content="index, follow, max-snippet:-1, max-image-preview:large, max-video-preview:-1" />
<link rel="canonical" href="https://www.ondernemendvenlo.nl/de/events/algemene-ledenvergadering/" />
<meta property="og:locale" content="de_DE" />
<meta property="og:type" content="article" />
<meta property="og:title" content="Algemene Ledenvergadering - Ondernemend Venlo" />
<meta property="og:description" content="Op 7 mei organiseren we onze algemene ledenvergadering. Tijdens deze ontbijtsessie praten we je bij over de laatste ontwikkelingen binnen Ondernemend Venlo. We bespreken onder andere de voortgang van het parkmanagement, de BIZ-draagvlakmeting, en we geven een inkijkje in ons vernieuwde communicatieplatform Bundeling, de nieuwe website én de nieuwe huisstijl. Daarnaast is er natuurlijk ruimte [&hellip;]" />
<meta property="og:url" content="https://www.ondernemendvenlo.nl/de/events/algemene-ledenvergadering/" />
<meta property="og:site_name" content="Ondernemend Venlo" />
<meta property="article:modified_time" content="2025-04-17T14:40:05+00:00" />
<meta property="og:image" content="https://www.ondernemendvenlo.nl/wp-content/uploads/2025/04/IMG_2570-zaal-2-web-1.jpg" />
	<meta property="og:image:width" content="704" />
	<meta property="og:image:height" content="465" />
	<meta property="og:image:type" content="image/jpeg" />
<meta name="twitter:card" content="summary_large_image" />
<meta name="twitter:label1" content="Geschätzte Lesezeit" />
	<meta name="twitter:data1" content="2 Minuten" />
<script type="application/ld+json" class="yoast-schema-graph">{"@context":"https://schema.org","@graph":[{"@type":"WebPage","@id":"https://www.ondernemendvenlo.nl/events/algemene-ledenvergadering/","url":"https://www.ondernemendvenlo.nl/events/algemene-ledenvergadering/","name":"Algemene Ledenvergadering - Ondernemend Venlo","isPartOf":{"@id":"https://www.ondernemendvenlo.nl/#website"},"primaryImageOfPage":{"@id":"https://www.ondernemendvenlo.nl/events/algemene-ledenvergadering/#primaryimage"},"image":{"@id":"https://www.ondernemendvenlo.nl/events/algemene-ledenvergadering/#primaryimage"},"thumbnailUrl":"https://www.ondernemendvenlo.nl/wp-content/uploads/2025/04/IMG_2570-zaal-2-web-1.jpg","datePublished":"2025-04-17T08:56:30+00:00","dateModified":"2025-04-17T14:40:05+00:00","breadcrumb":{"@id":"https://www.ondernemendvenlo.nl/events/algemene-ledenvergadering/#breadcrumb"},"inLanguage":"de","potentialAction":[{"@type":"ReadAction","target":["https://www.ondernemendvenlo.nl/events/algemene-ledenvergadering/"]}]},{"@type":"ImageObject","inLanguage":"de","@id":"https://www.ondernemendvenlo.nl/events/algemene-ledenvergadering/#primaryimage","url":"https://www.ondernemendvenlo.nl/wp-content/uploads/2025/04/IMG_2570-zaal-2-web-1.jpg","contentUrl":"https://www.ondernemendvenlo.nl/wp-content/uploads/2025/04/IMG_2570-zaal-2-web-1.jpg","width":704,"height":465},{"@type":"BreadcrumbList","@id":"https://www.ondernemendvenlo.nl/events/algemene-ledenvergadering/#breadcrumb","itemListElement":[{"@type":"ListItem","position":1,"name":"Ondernemend Venlo","item":"https://www.ondernemendvenlo.nl/"},{"@type":"ListItem","position":2,"name":"Algemene Ledenvergadering"}]},{"@type":"WebSite","@id":"https://www.ondernemendvenlo.nl/#website","url":"https://www.ondernemendvenlo.nl/","name":"Ondernemend Venlo","description":"Samen succesvol ondernemen","publisher":{"@id":"https://www.ondernemendvenlo.nl/#organization"},"potentialAction":[{"@type":"SearchAction","target":{"@type":"EntryPoint","urlTemplate":"https://www.ondernemendvenlo.nl/?s={search_term_string}"},"query-input":{"@type":"PropertyValueSpecification","valueRequired":true,"valueName":"search_term_string"}}],"inLanguage":"de"},{"@type":"Organization","@id":"https://www.ondernemendvenlo.nl/#organization","name":"Ondernemend Venlo","url":"https://www.ondernemendvenlo.nl/","logo":{"@type":"ImageObject","inLanguage":"de","@id":"https://www.ondernemendvenlo.nl/#/schema/logo/image/","url":"https://www.ondernemendvenlo.nl/wp-content/uploads/2025/02/Ondernemend-Venlo-logo-scaled.webp","contentUrl":"https://www.ondernemendvenlo.nl/wp-content/uploads/2025/02/Ondernemend-Venlo-logo-scaled.webp","width":2560,"height":1010,"caption":"Ondernemend Venlo"},"image":{"@id":"https://www.ondernemendvenlo.nl/#/schema/logo/image/"},"sameAs":["https://www.linkedin.com/company/ondernemend-venlo/"]}]}</script>
<!-- / Yoast SEO plugin. -->

Op 7 mei organiseren we onze algemene ledenvergadering. Tijdens deze ontbijtsessie praten we je bij over de laatste ontwikkelingen binnen Ondernemend Venlo. We bespreken onder andere de voortgang van het parkmanagement, de BIZ-draagvlakmeting, en we geven een inkijkje in ons vernieuwde communicatieplatform Bundeling, de nieuwe website én de nieuwe huisstijl. Daarnaast is er natuurlijk ruimte [&hellip;]
