{"id":706,"date":"2025-03-12T23:39:32","date_gmt":"2025-03-12T22:39:32","guid":{"rendered":"https:\/\/www.ondernemendvenlo.nl\/?page_id=706"},"modified":"2025-04-10T15:31:49","modified_gmt":"2025-04-10T13:31:49","slug":"samenwerking","status":"publish","type":"page","link":"https:\/\/www.ondernemendvenlo.nl\/de\/projecten\/samenwerking\/","title":{"rendered":"Zusammenarbeit"},"content":{"rendered":"<div data-elementor-type=\"wp-page\" data-elementor-id=\"706\" class=\"elementor elementor-706\" data-elementor-post-type=\"page\">\n\t\t\t\t<div class=\"elementor-element elementor-element-89b0eac e-flex e-con-boxed e-con e-parent\" data-id=\"89b0eac\" data-element_type=\"container\">\n\t\t\t\t\t<div class=\"e-con-inner\">\n\t\t\t\t<div class=\"elementor-element elementor-element-131ead8 elementor-widget elementor-widget-heading\" data-id=\"131ead8\" data-element_type=\"widget\" data-widget_type=\"heading.default\">\n\t\t\t\t<div class=\"elementor-widget-container\">\n\t\t\t\t\t<h2 class=\"elementor-heading-title elementor-size-default\">Bessere Zusammenarbeit und Konnektivit\u00e4t erreichen<\/h2>\t\t\t\t<\/div>\n\t\t\t\t<\/div>\n\t\t\t\t<div class=\"elementor-element elementor-element-e8cc307 elementor-widget elementor-widget-text-editor\" data-id=\"e8cc307\" data-element_type=\"widget\" data-widget_type=\"text-editor.default\">\n\t\t\t\t<div class=\"elementor-widget-container\">\n\t\t\t\t\t\t\t\t\t<p>Bessere Zusammenarbeit und Konnektivit\u00e4t erreichen<\/p><p>Entrepreneurial Venlo ist das Bindeglied zwischen Unternehmern, Regierung und Bildung. Wir schaffen ein starkes \u00d6kosystem, in dem Wissen, M\u00f6glichkeiten und St\u00e4rken zusammenkommen.<\/p><p>Mit einer neu gestalteten Mitgliederplattform bieten wir einen zentralen Ort f\u00fcr schnelle und effiziente Kommunikation. Die neue Website fungiert als Visitenkarte f\u00fcr Nichtmitglieder, w\u00e4hrend unser Rebranding f\u00fcr ein erkennbares und einheitliches Erscheinungsbild sorgt.<\/p><p>Wir bem\u00fchen uns aktiv um eine Zusammenarbeit mit der Gemeinde Venlo und organisieren regelm\u00e4\u00dfige Treffen, um den formellen und informellen Austausch zwischen den Mitgliedern zu f\u00f6rdern. Au\u00dferdem entwickeln wir einen aktuellen regionalen Veranstaltungskalender und kommunizieren gezielt mit den 3O (Unternehmer, Regierung und Bildung).<\/p><p>Als verl\u00e4ngerter Arm der Kommune - und umgekehrt - sorgen wir daf\u00fcr, dass die Unternehmer wirklich geh\u00f6rt werden. Denn Verbindung ist die Basis f\u00fcr Fortschritt.<\/p>\t\t\t\t\t\t\t\t<\/div>\n\t\t\t\t<\/div>\n\t\t\t\t\t<\/div>\n\t\t\t\t<\/div>\n\t\t\t\t<\/div>","protected":false},"excerpt":{"rendered":"<p>Verbeterde samenwerking en verbinding realiseren Verbeterde samenwerking en verbinding realiseren Ondernemend Venlo is d\u00e9 verbindende schakel tussen ondernemers, overheid en onderwijs. Wij cre\u00ebren een sterk ecosysteem waarin kennis, kansen en krachten samenkomen. Met een vernieuwd ledenplatform bieden we \u00e9\u00e9n centrale plek voor snelle, effici\u00ebnte communicatie. De nieuwe website fungeert als toegankelijk visitekaartje voor niet-leden, terwijl [&hellip;]<\/p>","protected":false},"author":1,"featured_media":0,"parent":700,"menu_order":5,"comment_status":"closed","ping_status":"closed","template":"","meta":{"_acf_changed":false,"footnotes":""},"class_list":["post-706","page","type-page","status-publish","hentry"],"acf":[],"yoast_head":"<!-- This site is optimized with the Yoast SEO plugin v26.3 - https:\/\/yoast.com\/wordpress\/plugins\/seo\/ -->\n<title>Samenwerking - Ondernemend Venlo<\/title>\n<meta name=\"robots\" content=\"index, follow, max-snippet:-1, max-image-preview:large, max-video-preview:-1\" \/>\n<link rel=\"canonical\" href=\"https:\/\/www.ondernemendvenlo.nl\/de\/projecten\/samenwerking\/\" \/>\n<meta property=\"og:locale\" content=\"de_DE\" \/>\n<meta property=\"og:type\" content=\"article\" \/>\n<meta property=\"og:title\" content=\"Samenwerking - Ondernemend Venlo\" \/>\n<meta property=\"og:description\" content=\"Verbeterde samenwerking en verbinding realiseren Verbeterde samenwerking en verbinding realiseren Ondernemend Venlo is d\u00e9 verbindende schakel tussen ondernemers, overheid en onderwijs. Wij cre\u00ebren een sterk ecosysteem waarin kennis, kansen en krachten samenkomen. Met een vernieuwd ledenplatform bieden we \u00e9\u00e9n centrale plek voor snelle, effici\u00ebnte communicatie. De nieuwe website fungeert als toegankelijk visitekaartje voor niet-leden, terwijl [&hellip;]\" \/>\n<meta property=\"og:url\" content=\"https:\/\/www.ondernemendvenlo.nl\/de\/projecten\/samenwerking\/\" \/>\n<meta property=\"og:site_name\" content=\"Ondernemend Venlo\" \/>\n<meta property=\"article:modified_time\" content=\"2025-04-10T13:31:49+00:00\" \/>\n<meta name=\"twitter:card\" content=\"summary_large_image\" \/>\n<meta name=\"twitter:label1\" content=\"Gesch\u00e4tzte Lesezeit\" \/>\n\t<meta name=\"twitter:data1\" content=\"1\u00a0Minute\" \/>\n<script type=\"application\/ld+json\" class=\"yoast-schema-graph\">{\"@context\":\"https:\/\/schema.org\",\"@graph\":[{\"@type\":\"WebPage\",\"@id\":\"https:\/\/www.ondernemendvenlo.nl\/projecten\/samenwerking\/\",\"url\":\"https:\/\/www.ondernemendvenlo.nl\/projecten\/samenwerking\/\",\"name\":\"Samenwerking - Ondernemend Venlo\",\"isPartOf\":{\"@id\":\"https:\/\/www.ondernemendvenlo.nl\/#website\"},\"datePublished\":\"2025-03-12T22:39:32+00:00\",\"dateModified\":\"2025-04-10T13:31:49+00:00\",\"breadcrumb\":{\"@id\":\"https:\/\/www.ondernemendvenlo.nl\/projecten\/samenwerking\/#breadcrumb\"},\"inLanguage\":\"de\",\"potentialAction\":[{\"@type\":\"ReadAction\",\"target\":[\"https:\/\/www.ondernemendvenlo.nl\/projecten\/samenwerking\/\"]}]},{\"@type\":\"BreadcrumbList\",\"@id\":\"https:\/\/www.ondernemendvenlo.nl\/projecten\/samenwerking\/#breadcrumb\",\"itemListElement\":[{\"@type\":\"ListItem\",\"position\":1,\"name\":\"Ondernemend Venlo\",\"item\":\"https:\/\/www.ondernemendvenlo.nl\/\"},{\"@type\":\"ListItem\",\"position\":2,\"name\":\"Projecten\",\"item\":\"https:\/\/www.ondernemendvenlo.nl\/projecten\/\"},{\"@type\":\"ListItem\",\"position\":3,\"name\":\"Samenwerking\"}]},{\"@type\":\"WebSite\",\"@id\":\"https:\/\/www.ondernemendvenlo.nl\/#website\",\"url\":\"https:\/\/www.ondernemendvenlo.nl\/\",\"name\":\"Ondernemend Venlo\",\"description\":\"Samen succesvol ondernemen\",\"publisher\":{\"@id\":\"https:\/\/www.ondernemendvenlo.nl\/#organization\"},\"potentialAction\":[{\"@type\":\"SearchAction\",\"target\":{\"@type\":\"EntryPoint\",\"urlTemplate\":\"https:\/\/www.ondernemendvenlo.nl\/?s={search_term_string}\"},\"query-input\":{\"@type\":\"PropertyValueSpecification\",\"valueRequired\":true,\"valueName\":\"search_term_string\"}}],\"inLanguage\":\"de\"},{\"@type\":\"Organization\",\"@id\":\"https:\/\/www.ondernemendvenlo.nl\/#organization\",\"name\":\"Ondernemend Venlo\",\"url\":\"https:\/\/www.ondernemendvenlo.nl\/\",\"logo\":{\"@type\":\"ImageObject\",\"inLanguage\":\"de\",\"@id\":\"https:\/\/www.ondernemendvenlo.nl\/#\/schema\/logo\/image\/\",\"url\":\"https:\/\/www.ondernemendvenlo.nl\/wp-content\/uploads\/2025\/02\/Ondernemend-Venlo-logo-scaled.webp\",\"contentUrl\":\"https:\/\/www.ondernemendvenlo.nl\/wp-content\/uploads\/2025\/02\/Ondernemend-Venlo-logo-scaled.webp\",\"width\":2560,\"height\":1010,\"caption\":\"Ondernemend Venlo\"},\"image\":{\"@id\":\"https:\/\/www.ondernemendvenlo.nl\/#\/schema\/logo\/image\/\"},\"sameAs\":[\"https:\/\/www.linkedin.com\/company\/ondernemend-venlo\/\"]}]}<\/script>\n<!-- \/ Yoast SEO plugin. -->","yoast_head_json":{"title":"Samenwerking - Ondernemend Venlo","robots":{"index":"index","follow":"follow","max-snippet":"max-snippet:-1","max-image-preview":"max-image-preview:large","max-video-preview":"max-video-preview:-1"},"canonical":"https:\/\/www.ondernemendvenlo.nl\/de\/projecten\/samenwerking\/","og_locale":"de_DE","og_type":"article","og_title":"Samenwerking - Ondernemend Venlo","og_description":"Verbeterde samenwerking en verbinding realiseren Verbeterde samenwerking en verbinding realiseren Ondernemend Venlo is d\u00e9 verbindende schakel tussen ondernemers, overheid en onderwijs. Wij cre\u00ebren een sterk ecosysteem waarin kennis, kansen en krachten samenkomen. Met een vernieuwd ledenplatform bieden we \u00e9\u00e9n centrale plek voor snelle, effici\u00ebnte communicatie. De nieuwe website fungeert als toegankelijk visitekaartje voor niet-leden, terwijl [&hellip;]","og_url":"https:\/\/www.ondernemendvenlo.nl\/de\/projecten\/samenwerking\/","og_site_name":"Ondernemend Venlo","article_modified_time":"2025-04-10T13:31:49+00:00","twitter_card":"summary_large_image","twitter_misc":{"Gesch\u00e4tzte Lesezeit":"1\u00a0Minute"},"schema":{"@context":"https:\/\/schema.org","@graph":[{"@type":"WebPage","@id":"https:\/\/www.ondernemendvenlo.nl\/projecten\/samenwerking\/","url":"https:\/\/www.ondernemendvenlo.nl\/projecten\/samenwerking\/","name":"Samenwerking - Ondernemend Venlo","isPartOf":{"@id":"https:\/\/www.ondernemendvenlo.nl\/#website"},"datePublished":"2025-03-12T22:39:32+00:00","dateModified":"2025-04-10T13:31:49+00:00","breadcrumb":{"@id":"https:\/\/www.ondernemendvenlo.nl\/projecten\/samenwerking\/#breadcrumb"},"inLanguage":"de","potentialAction":[{"@type":"ReadAction","target":["https:\/\/www.ondernemendvenlo.nl\/projecten\/samenwerking\/"]}]},{"@type":"BreadcrumbList","@id":"https:\/\/www.ondernemendvenlo.nl\/projecten\/samenwerking\/#breadcrumb","itemListElement":[{"@type":"ListItem","position":1,"name":"Ondernemend Venlo","item":"https:\/\/www.ondernemendvenlo.nl\/"},{"@type":"ListItem","position":2,"name":"Projecten","item":"https:\/\/www.ondernemendvenlo.nl\/projecten\/"},{"@type":"ListItem","position":3,"name":"Samenwerking"}]},{"@type":"WebSite","@id":"https:\/\/www.ondernemendvenlo.nl\/#website","url":"https:\/\/www.ondernemendvenlo.nl\/","name":"Unternehmerisches Venlo","description":"Samen succesvol ondernemen","publisher":{"@id":"https:\/\/www.ondernemendvenlo.nl\/#organization"},"potentialAction":[{"@type":"SearchAction","target":{"@type":"EntryPoint","urlTemplate":"https:\/\/www.ondernemendvenlo.nl\/?s={search_term_string}"},"query-input":{"@type":"PropertyValueSpecification","valueRequired":true,"valueName":"search_term_string"}}],"inLanguage":"de"},{"@type":"Organization","@id":"https:\/\/www.ondernemendvenlo.nl\/#organization","name":"Unternehmerisches Venlo","url":"https:\/\/www.ondernemendvenlo.nl\/","logo":{"@type":"ImageObject","inLanguage":"de","@id":"https:\/\/www.ondernemendvenlo.nl\/#\/schema\/logo\/image\/","url":"https:\/\/www.ondernemendvenlo.nl\/wp-content\/uploads\/2025\/02\/Ondernemend-Venlo-logo-scaled.webp","contentUrl":"https:\/\/www.ondernemendvenlo.nl\/wp-content\/uploads\/2025\/02\/Ondernemend-Venlo-logo-scaled.webp","width":2560,"height":1010,"caption":"Ondernemend Venlo"},"image":{"@id":"https:\/\/www.ondernemendvenlo.nl\/#\/schema\/logo\/image\/"},"sameAs":["https:\/\/www.linkedin.com\/company\/ondernemend-venlo\/"]}]}},"_links":{"self":[{"href":"https:\/\/www.ondernemendvenlo.nl\/de\/wp-json\/wp\/v2\/pages\/706","targetHints":{"allow":["GET"]}}],"collection":[{"href":"https:\/\/www.ondernemendvenlo.nl\/de\/wp-json\/wp\/v2\/pages"}],"about":[{"href":"https:\/\/www.ondernemendvenlo.nl\/de\/wp-json\/wp\/v2\/types\/page"}],"author":[{"embeddable":true,"href":"https:\/\/www.ondernemendvenlo.nl\/de\/wp-json\/wp\/v2\/users\/1"}],"replies":[{"embeddable":true,"href":"https:\/\/www.ondernemendvenlo.nl\/de\/wp-json\/wp\/v2\/comments?post=706"}],"version-history":[{"count":4,"href":"https:\/\/www.ondernemendvenlo.nl\/de\/wp-json\/wp\/v2\/pages\/706\/revisions"}],"predecessor-version":[{"id":4935,"href":"https:\/\/www.ondernemendvenlo.nl\/de\/wp-json\/wp\/v2\/pages\/706\/revisions\/4935"}],"up":[{"embeddable":true,"href":"https:\/\/www.ondernemendvenlo.nl\/de\/wp-json\/wp\/v2\/pages\/700"}],"wp:attachment":[{"href":"https:\/\/www.ondernemendvenlo.nl\/de\/wp-json\/wp\/v2\/media?parent=706"}],"curies":[{"name":"wp","href":"https:\/\/api.w.org\/{rel}","templated":true}]}}

<div data-elementor-type="wp-page" data-elementor-id="706" class="elementor elementor-706" data-elementor-post-type="page">
				<div class="elementor-element elementor-element-89b0eac e-flex e-con-boxed e-con e-parent" data-id="89b0eac" data-element_type="container">
					<div class="e-con-inner">
				<div class="elementor-element elementor-element-131ead8 elementor-widget elementor-widget-heading" data-id="131ead8" data-element_type="widget" data-widget_type="heading.default">
				<div class="elementor-widget-container">
					<h2 class="elementor-heading-title elementor-size-default">Bessere Zusammenarbeit und Konnektivität erreichen</h2>				</div>
				</div>
				<div class="elementor-element elementor-element-e8cc307 elementor-widget elementor-widget-text-editor" data-id="e8cc307" data-element_type="widget" data-widget_type="text-editor.default">
				<div class="elementor-widget-container">
									<p>Bessere Zusammenarbeit und Konnektivität erreichen</p><p>Entrepreneurial Venlo ist das Bindeglied zwischen Unternehmern, Regierung und Bildung. Wir schaffen ein starkes Ökosystem, in dem Wissen, Möglichkeiten und Stärken zusammenkommen.</p><p>Mit einer neu gestalteten Mitgliederplattform bieten wir einen zentralen Ort für schnelle und effiziente Kommunikation. Die neue Website fungiert als Visitenkarte für Nichtmitglieder, während unser Rebranding für ein erkennbares und einheitliches Erscheinungsbild sorgt.</p><p>Wir bemühen uns aktiv um eine Zusammenarbeit mit der Gemeinde Venlo und organisieren regelmäßige Treffen, um den formellen und informellen Austausch zwischen den Mitgliedern zu fördern. Außerdem entwickeln wir einen aktuellen regionalen Veranstaltungskalender und kommunizieren gezielt mit den 3O (Unternehmer, Regierung und Bildung).</p><p>Als verlängerter Arm der Kommune - und umgekehrt - sorgen wir dafür, dass die Unternehmer wirklich gehört werden. Denn Verbindung ist die Basis für Fortschritt.</p>								</div>
				</div>
					</div>
				</div>
				</div>

<p>Verbeterde samenwerking en verbinding realiseren Verbeterde samenwerking en verbinding realiseren Ondernemend Venlo is dé verbindende schakel tussen ondernemers, overheid en onderwijs. Wij creëren een sterk ecosysteem waarin kennis, kansen en krachten samenkomen. Met een vernieuwd ledenplatform bieden we één centrale plek voor snelle, efficiënte communicatie. De nieuwe website fungeert als toegankelijk visitekaartje voor niet-leden, terwijl [&hellip;]</p>

<!-- This site is optimized with the Yoast SEO plugin v26.3 - https://yoast.com/wordpress/plugins/seo/ -->
<title>Samenwerking - Ondernemend Venlo</title>
<meta name="robots" content="index, follow, max-snippet:-1, max-image-preview:large, max-video-preview:-1" />
<link rel="canonical" href="https://www.ondernemendvenlo.nl/de/projecten/samenwerking/" />
<meta property="og:locale" content="de_DE" />
<meta property="og:type" content="article" />
<meta property="og:title" content="Samenwerking - Ondernemend Venlo" />
<meta property="og:description" content="Verbeterde samenwerking en verbinding realiseren Verbeterde samenwerking en verbinding realiseren Ondernemend Venlo is dé verbindende schakel tussen ondernemers, overheid en onderwijs. Wij creëren een sterk ecosysteem waarin kennis, kansen en krachten samenkomen. Met een vernieuwd ledenplatform bieden we één centrale plek voor snelle, efficiënte communicatie. De nieuwe website fungeert als toegankelijk visitekaartje voor niet-leden, terwijl [&hellip;]" />
<meta property="og:url" content="https://www.ondernemendvenlo.nl/de/projecten/samenwerking/" />
<meta property="og:site_name" content="Ondernemend Venlo" />
<meta property="article:modified_time" content="2025-04-10T13:31:49+00:00" />
<meta name="twitter:card" content="summary_large_image" />
<meta name="twitter:label1" content="Geschätzte Lesezeit" />
	<meta name="twitter:data1" content="1 Minute" />
<script type="application/ld+json" class="yoast-schema-graph">{"@context":"https://schema.org","@graph":[{"@type":"WebPage","@id":"https://www.ondernemendvenlo.nl/projecten/samenwerking/","url":"https://www.ondernemendvenlo.nl/projecten/samenwerking/","name":"Samenwerking - Ondernemend Venlo","isPartOf":{"@id":"https://www.ondernemendvenlo.nl/#website"},"datePublished":"2025-03-12T22:39:32+00:00","dateModified":"2025-04-10T13:31:49+00:00","breadcrumb":{"@id":"https://www.ondernemendvenlo.nl/projecten/samenwerking/#breadcrumb"},"inLanguage":"de","potentialAction":[{"@type":"ReadAction","target":["https://www.ondernemendvenlo.nl/projecten/samenwerking/"]}]},{"@type":"BreadcrumbList","@id":"https://www.ondernemendvenlo.nl/projecten/samenwerking/#breadcrumb","itemListElement":[{"@type":"ListItem","position":1,"name":"Ondernemend Venlo","item":"https://www.ondernemendvenlo.nl/"},{"@type":"ListItem","position":2,"name":"Projecten","item":"https://www.ondernemendvenlo.nl/projecten/"},{"@type":"ListItem","position":3,"name":"Samenwerking"}]},{"@type":"WebSite","@id":"https://www.ondernemendvenlo.nl/#website","url":"https://www.ondernemendvenlo.nl/","name":"Ondernemend Venlo","description":"Samen succesvol ondernemen","publisher":{"@id":"https://www.ondernemendvenlo.nl/#organization"},"potentialAction":[{"@type":"SearchAction","target":{"@type":"EntryPoint","urlTemplate":"https://www.ondernemendvenlo.nl/?s={search_term_string}"},"query-input":{"@type":"PropertyValueSpecification","valueRequired":true,"valueName":"search_term_string"}}],"inLanguage":"de"},{"@type":"Organization","@id":"https://www.ondernemendvenlo.nl/#organization","name":"Ondernemend Venlo","url":"https://www.ondernemendvenlo.nl/","logo":{"@type":"ImageObject","inLanguage":"de","@id":"https://www.ondernemendvenlo.nl/#/schema/logo/image/","url":"https://www.ondernemendvenlo.nl/wp-content/uploads/2025/02/Ondernemend-Venlo-logo-scaled.webp","contentUrl":"https://www.ondernemendvenlo.nl/wp-content/uploads/2025/02/Ondernemend-Venlo-logo-scaled.webp","width":2560,"height":1010,"caption":"Ondernemend Venlo"},"image":{"@id":"https://www.ondernemendvenlo.nl/#/schema/logo/image/"},"sameAs":["https://www.linkedin.com/company/ondernemend-venlo/"]}]}</script>
<!-- / Yoast SEO plugin. -->

Verbeterde samenwerking en verbinding realiseren Verbeterde samenwerking en verbinding realiseren Ondernemend Venlo is dé verbindende schakel tussen ondernemers, overheid en onderwijs. Wij creëren een sterk ecosysteem waarin kennis, kansen en krachten samenkomen. Met een vernieuwd ledenplatform bieden we één centrale plek voor snelle, efficiënte communicatie. De nieuwe website fungeert als toegankelijk visitekaartje voor niet-leden, terwijl [&hellip;]
