{"version":"1.0","provider_name":"Venlo entrepreneurial","provider_url":"https:\/\/www.ondernemendvenlo.nl\/fr","author_name":"Hanny van Lare","author_url":"https:\/\/www.ondernemendvenlo.nl\/fr\/author\/hanny\/","title":"Algemene Ledenvergadering - Ondernemend Venlo","type":"rich","width":600,"height":338,"html":"<blockquote class=\"wp-embedded-content\" data-secret=\"GTQgU7b72I\"><a href=\"https:\/\/www.ondernemendvenlo.nl\/fr\/events\/algemene-ledenvergadering\/\">Assembl\u00e9e g\u00e9n\u00e9rale<\/a><\/blockquote><iframe sandbox=\"allow-scripts\" security=\"restricted\" src=\"https:\/\/www.ondernemendvenlo.nl\/fr\/events\/algemene-ledenvergadering\/embed\/#?secret=GTQgU7b72I\" width=\"600\" height=\"338\" title=\"\u00ab\u00a0Algemene Ledenvergadering\u00a0\u00bb &#8212; Ondernemend Venlo\" data-secret=\"GTQgU7b72I\" frameborder=\"0\" marginwidth=\"0\" marginheight=\"0\" scrolling=\"no\" class=\"wp-embedded-content\"><\/iframe><script>\n\/*! This file is auto-generated *\/\n!function(d,l){\"use strict\";l.querySelector&&d.addEventListener&&\"undefined\"!=typeof URL&&(d.wp=d.wp||{},d.wp.receiveEmbedMessage||(d.wp.receiveEmbedMessage=function(e){var t=e.data;if((t||t.secret||t.message||t.value)&&!\/[^a-zA-Z0-9]\/.test(t.secret)){for(var s,r,n,a=l.querySelectorAll('iframe[data-secret=\"'+t.secret+'\"]'),o=l.querySelectorAll('blockquote[data-secret=\"'+t.secret+'\"]'),c=new RegExp(\"^https?:$\",\"i\"),i=0;i<o.length;i++)o[i].style.display=\"none\";for(i=0;i<a.length;i++)s=a[i],e.source===s.contentWindow&&(s.removeAttribute(\"style\"),\"height\"===t.message?(1e3<(r=parseInt(t.value,10))?r=1e3:~~r<200&&(r=200),s.height=r):\"link\"===t.message&&(r=new URL(s.getAttribute(\"src\")),n=new URL(t.value),c.test(n.protocol))&&n.host===r.host&&l.activeElement===s&&(d.top.location.href=t.value))}},d.addEventListener(\"message\",d.wp.receiveEmbedMessage,!1),l.addEventListener(\"DOMContentLoaded\",function(){for(var e,t,s=l.querySelectorAll(\"iframe.wp-embedded-content\"),r=0;r<s.length;r++)(t=(e=s[r]).getAttribute(\"data-secret\"))||(t=Math.random().toString(36).substring(2,12),e.src+=\"#?secret=\"+t,e.setAttribute(\"data-secret\",t)),e.contentWindow.postMessage({message:\"ready\",secret:t},\"*\")},!1)))}(window,document);\n<\/script>","thumbnail_url":"https:\/\/www.ondernemendvenlo.nl\/wp-content\/uploads\/2025\/04\/IMG_2570-zaal-2-web-1.jpg","thumbnail_width":704,"thumbnail_height":465,"description":"Op 7 mei organiseren we onze algemene ledenvergadering. Tijdens deze ontbijtsessie praten we je bij over de laatste ontwikkelingen binnen Ondernemend Venlo. We bespreken onder andere de voortgang van het parkmanagement, de BIZ-draagvlakmeting, en we geven een inkijkje in ons vernieuwde communicatieplatform Bundeling, de nieuwe website \u00e9n de nieuwe huisstijl. Daarnaast is er natuurlijk ruimte [&hellip;]"}

<blockquote class="wp-embedded-content" data-secret="GTQgU7b72I"><a href="https://www.ondernemendvenlo.nl/fr/events/algemene-ledenvergadering/">Assemblée générale</a></blockquote><iframe sandbox="allow-scripts" security="restricted" src="https://www.ondernemendvenlo.nl/fr/events/algemene-ledenvergadering/embed/#?secret=GTQgU7b72I" width="600" height="338" title="« Algemene Ledenvergadering » &#8212; Ondernemend Venlo" data-secret="GTQgU7b72I" frameborder="0" marginwidth="0" marginheight="0" scrolling="no" class="wp-embedded-content"></iframe><script>
/*! This file is auto-generated */
!function(d,l){"use strict";l.querySelector&&d.addEventListener&&"undefined"!=typeof URL&&(d.wp=d.wp||{},d.wp.receiveEmbedMessage||(d.wp.receiveEmbedMessage=function(e){var t=e.data;if((t||t.secret||t.message||t.value)&&!/[^a-zA-Z0-9]/.test(t.secret)){for(var s,r,n,a=l.querySelectorAll('iframe[data-secret="'+t.secret+'"]'),o=l.querySelectorAll('blockquote[data-secret="'+t.secret+'"]'),c=new RegExp("^https?:$","i"),i=0;i<o.length;i++)o[i].style.display="none";for(i=0;i<a.length;i++)s=a[i],e.source===s.contentWindow&&(s.removeAttribute("style"),"height"===t.message?(1e3<(r=parseInt(t.value,10))?r=1e3:~~r<200&&(r=200),s.height=r):"link"===t.message&&(r=new URL(s.getAttribute("src")),n=new URL(t.value),c.test(n.protocol))&&n.host===r.host&&l.activeElement===s&&(d.top.location.href=t.value))}},d.addEventListener("message",d.wp.receiveEmbedMessage,!1),l.addEventListener("DOMContentLoaded",function(){for(var e,t,s=l.querySelectorAll("iframe.wp-embedded-content"),r=0;r<s.length;r++)(t=(e=s[r]).getAttribute("data-secret"))||(t=Math.random().toString(36).substring(2,12),e.src+="#?secret="+t,e.setAttribute("data-secret",t)),e.contentWindow.postMessage({message:"ready",secret:t},"*")},!1)))}(window,document);
</script>

Op 7 mei organiseren we onze algemene ledenvergadering. Tijdens deze ontbijtsessie praten we je bij over de laatste ontwikkelingen binnen Ondernemend Venlo. We bespreken onder andere de voortgang van het parkmanagement, de BIZ-draagvlakmeting, en we geven een inkijkje in ons vernieuwde communicatieplatform Bundeling, de nieuwe website én de nieuwe huisstijl. Daarnaast is er natuurlijk ruimte [&hellip;]
