{"id":3700,"date":"2025-04-07T20:31:10","date_gmt":"2025-04-07T18:31:10","guid":{"rendered":"https:\/\/www.ondernemendvenlo.nl\/?post_type=events&#038;p=3700"},"modified":"2025-06-12T15:38:29","modified_gmt":"2025-06-12T13:38:29","slug":"ledenbijeenkomst-businesspark-spikweien","status":"publish","type":"events","link":"https:\/\/www.ondernemendvenlo.nl\/fr\/events\/ledenbijeenkomst-businesspark-spikweien\/","title":{"rendered":"R\u00e9union des membres Business Park Spikweien"},"content":{"rendered":"<p>Vendredi 13 juin, le Businesspark Spikweien organise une nouvelle r\u00e9union conviviale de ses membres.<\/p>\n<p>Une visite guid\u00e9e du vignoble 't Hanik \u00e0 Lomm est pr\u00e9vue.<\/p>\n<p>La r\u00e9union commence sur place \u00e0 16h00.<\/p>\n<p>Les entreprises membres ont re\u00e7u une invitation avec un lien d'inscription.<\/p>\n<p>&nbsp;<\/p>","protected":false},"featured_media":4612,"template":"","meta":{"_acf_changed":false},"class_list":["post-3700","events","type-events","status-publish","has-post-thumbnail","hentry"],"acf":[],"yoast_head":"<!-- This site is optimized with the Yoast SEO plugin v26.3 - https:\/\/yoast.com\/wordpress\/plugins\/seo\/ -->\n<title>Ledenbijeenkomst Businesspark Spikweien - Ondernemend Venlo<\/title>\n<meta name=\"robots\" content=\"index, follow, max-snippet:-1, max-image-preview:large, max-video-preview:-1\" \/>\n<link rel=\"canonical\" href=\"https:\/\/www.ondernemendvenlo.nl\/fr\/events\/ledenbijeenkomst-businesspark-spikweien\/\" \/>\n<meta property=\"og:locale\" content=\"fr_FR\" \/>\n<meta property=\"og:type\" content=\"article\" \/>\n<meta property=\"og:title\" content=\"Ledenbijeenkomst Businesspark Spikweien - Ondernemend Venlo\" \/>\n<meta property=\"og:description\" content=\"Vrijdag 13 juni organiseert Businesspark Spikweien weer een gezellige ledenbijeenkomst. Er wordt een bezoek gebracht met rondleiding aan de Wijngaard \u2019t Hanik in Lomm Bijeenkomst start op locatie om 16h00. Aangesloten bedrijven hebben een uitnodiging met aanmeldlink ontvangen. &nbsp;\" \/>\n<meta property=\"og:url\" content=\"https:\/\/www.ondernemendvenlo.nl\/fr\/events\/ledenbijeenkomst-businesspark-spikweien\/\" \/>\n<meta property=\"og:site_name\" content=\"Ondernemend Venlo\" \/>\n<meta property=\"article:modified_time\" content=\"2025-06-12T13:38:29+00:00\" \/>\n<meta property=\"og:image\" content=\"https:\/\/www.ondernemendvenlo.nl\/wp-content\/uploads\/2025\/04\/2024-11-29-bijeenk.-Hertog-Jan-web2.jpg\" \/>\n\t<meta property=\"og:image:width\" content=\"800\" \/>\n\t<meta property=\"og:image:height\" content=\"600\" \/>\n\t<meta property=\"og:image:type\" content=\"image\/jpeg\" \/>\n<meta name=\"twitter:card\" content=\"summary_large_image\" \/>\n<meta name=\"twitter:label1\" content=\"Dur\u00e9e de lecture estim\u00e9e\" \/>\n\t<meta name=\"twitter:data1\" content=\"1 minute\" \/>\n<script type=\"application\/ld+json\" class=\"yoast-schema-graph\">{\"@context\":\"https:\/\/schema.org\",\"@graph\":[{\"@type\":\"WebPage\",\"@id\":\"https:\/\/www.ondernemendvenlo.nl\/events\/ledenbijeenkomst-businesspark-spikweien\/\",\"url\":\"https:\/\/www.ondernemendvenlo.nl\/events\/ledenbijeenkomst-businesspark-spikweien\/\",\"name\":\"Ledenbijeenkomst Businesspark Spikweien - Ondernemend Venlo\",\"isPartOf\":{\"@id\":\"https:\/\/www.ondernemendvenlo.nl\/#website\"},\"primaryImageOfPage\":{\"@id\":\"https:\/\/www.ondernemendvenlo.nl\/events\/ledenbijeenkomst-businesspark-spikweien\/#primaryimage\"},\"image\":{\"@id\":\"https:\/\/www.ondernemendvenlo.nl\/events\/ledenbijeenkomst-businesspark-spikweien\/#primaryimage\"},\"thumbnailUrl\":\"https:\/\/www.ondernemendvenlo.nl\/wp-content\/uploads\/2025\/04\/2024-11-29-bijeenk.-Hertog-Jan-web2.jpg\",\"datePublished\":\"2025-04-07T18:31:10+00:00\",\"dateModified\":\"2025-06-12T13:38:29+00:00\",\"breadcrumb\":{\"@id\":\"https:\/\/www.ondernemendvenlo.nl\/events\/ledenbijeenkomst-businesspark-spikweien\/#breadcrumb\"},\"inLanguage\":\"fr-FR\",\"potentialAction\":[{\"@type\":\"ReadAction\",\"target\":[\"https:\/\/www.ondernemendvenlo.nl\/events\/ledenbijeenkomst-businesspark-spikweien\/\"]}]},{\"@type\":\"ImageObject\",\"inLanguage\":\"fr-FR\",\"@id\":\"https:\/\/www.ondernemendvenlo.nl\/events\/ledenbijeenkomst-businesspark-spikweien\/#primaryimage\",\"url\":\"https:\/\/www.ondernemendvenlo.nl\/wp-content\/uploads\/2025\/04\/2024-11-29-bijeenk.-Hertog-Jan-web2.jpg\",\"contentUrl\":\"https:\/\/www.ondernemendvenlo.nl\/wp-content\/uploads\/2025\/04\/2024-11-29-bijeenk.-Hertog-Jan-web2.jpg\",\"width\":800,\"height\":600},{\"@type\":\"BreadcrumbList\",\"@id\":\"https:\/\/www.ondernemendvenlo.nl\/events\/ledenbijeenkomst-businesspark-spikweien\/#breadcrumb\",\"itemListElement\":[{\"@type\":\"ListItem\",\"position\":1,\"name\":\"Ondernemend Venlo\",\"item\":\"https:\/\/www.ondernemendvenlo.nl\/\"},{\"@type\":\"ListItem\",\"position\":2,\"name\":\"Ledenbijeenkomst Businesspark Spikweien\"}]},{\"@type\":\"WebSite\",\"@id\":\"https:\/\/www.ondernemendvenlo.nl\/#website\",\"url\":\"https:\/\/www.ondernemendvenlo.nl\/\",\"name\":\"Ondernemend Venlo\",\"description\":\"Samen succesvol ondernemen\",\"publisher\":{\"@id\":\"https:\/\/www.ondernemendvenlo.nl\/#organization\"},\"potentialAction\":[{\"@type\":\"SearchAction\",\"target\":{\"@type\":\"EntryPoint\",\"urlTemplate\":\"https:\/\/www.ondernemendvenlo.nl\/?s={search_term_string}\"},\"query-input\":{\"@type\":\"PropertyValueSpecification\",\"valueRequired\":true,\"valueName\":\"search_term_string\"}}],\"inLanguage\":\"fr-FR\"},{\"@type\":\"Organization\",\"@id\":\"https:\/\/www.ondernemendvenlo.nl\/#organization\",\"name\":\"Ondernemend Venlo\",\"url\":\"https:\/\/www.ondernemendvenlo.nl\/\",\"logo\":{\"@type\":\"ImageObject\",\"inLanguage\":\"fr-FR\",\"@id\":\"https:\/\/www.ondernemendvenlo.nl\/#\/schema\/logo\/image\/\",\"url\":\"https:\/\/www.ondernemendvenlo.nl\/wp-content\/uploads\/2025\/02\/Ondernemend-Venlo-logo-scaled.webp\",\"contentUrl\":\"https:\/\/www.ondernemendvenlo.nl\/wp-content\/uploads\/2025\/02\/Ondernemend-Venlo-logo-scaled.webp\",\"width\":2560,\"height\":1010,\"caption\":\"Ondernemend Venlo\"},\"image\":{\"@id\":\"https:\/\/www.ondernemendvenlo.nl\/#\/schema\/logo\/image\/\"},\"sameAs\":[\"https:\/\/www.linkedin.com\/company\/ondernemend-venlo\/\"]}]}<\/script>\n<!-- \/ Yoast SEO plugin. -->","yoast_head_json":{"title":"Ledenbijeenkomst Businesspark Spikweien - Ondernemend Venlo","robots":{"index":"index","follow":"follow","max-snippet":"max-snippet:-1","max-image-preview":"max-image-preview:large","max-video-preview":"max-video-preview:-1"},"canonical":"https:\/\/www.ondernemendvenlo.nl\/fr\/events\/ledenbijeenkomst-businesspark-spikweien\/","og_locale":"fr_FR","og_type":"article","og_title":"Ledenbijeenkomst Businesspark Spikweien - Ondernemend Venlo","og_description":"Vrijdag 13 juni organiseert Businesspark Spikweien weer een gezellige ledenbijeenkomst. Er wordt een bezoek gebracht met rondleiding aan de Wijngaard \u2019t Hanik in Lomm Bijeenkomst start op locatie om 16h00. Aangesloten bedrijven hebben een uitnodiging met aanmeldlink ontvangen. &nbsp;","og_url":"https:\/\/www.ondernemendvenlo.nl\/fr\/events\/ledenbijeenkomst-businesspark-spikweien\/","og_site_name":"Ondernemend Venlo","article_modified_time":"2025-06-12T13:38:29+00:00","og_image":[{"width":800,"height":600,"url":"https:\/\/www.ondernemendvenlo.nl\/wp-content\/uploads\/2025\/04\/2024-11-29-bijeenk.-Hertog-Jan-web2.jpg","type":"image\/jpeg"}],"twitter_card":"summary_large_image","twitter_misc":{"Dur\u00e9e de lecture estim\u00e9e":"1 minute"},"schema":{"@context":"https:\/\/schema.org","@graph":[{"@type":"WebPage","@id":"https:\/\/www.ondernemendvenlo.nl\/events\/ledenbijeenkomst-businesspark-spikweien\/","url":"https:\/\/www.ondernemendvenlo.nl\/events\/ledenbijeenkomst-businesspark-spikweien\/","name":"Ledenbijeenkomst Businesspark Spikweien - Ondernemend Venlo","isPartOf":{"@id":"https:\/\/www.ondernemendvenlo.nl\/#website"},"primaryImageOfPage":{"@id":"https:\/\/www.ondernemendvenlo.nl\/events\/ledenbijeenkomst-businesspark-spikweien\/#primaryimage"},"image":{"@id":"https:\/\/www.ondernemendvenlo.nl\/events\/ledenbijeenkomst-businesspark-spikweien\/#primaryimage"},"thumbnailUrl":"https:\/\/www.ondernemendvenlo.nl\/wp-content\/uploads\/2025\/04\/2024-11-29-bijeenk.-Hertog-Jan-web2.jpg","datePublished":"2025-04-07T18:31:10+00:00","dateModified":"2025-06-12T13:38:29+00:00","breadcrumb":{"@id":"https:\/\/www.ondernemendvenlo.nl\/events\/ledenbijeenkomst-businesspark-spikweien\/#breadcrumb"},"inLanguage":"fr-FR","potentialAction":[{"@type":"ReadAction","target":["https:\/\/www.ondernemendvenlo.nl\/events\/ledenbijeenkomst-businesspark-spikweien\/"]}]},{"@type":"ImageObject","inLanguage":"fr-FR","@id":"https:\/\/www.ondernemendvenlo.nl\/events\/ledenbijeenkomst-businesspark-spikweien\/#primaryimage","url":"https:\/\/www.ondernemendvenlo.nl\/wp-content\/uploads\/2025\/04\/2024-11-29-bijeenk.-Hertog-Jan-web2.jpg","contentUrl":"https:\/\/www.ondernemendvenlo.nl\/wp-content\/uploads\/2025\/04\/2024-11-29-bijeenk.-Hertog-Jan-web2.jpg","width":800,"height":600},{"@type":"BreadcrumbList","@id":"https:\/\/www.ondernemendvenlo.nl\/events\/ledenbijeenkomst-businesspark-spikweien\/#breadcrumb","itemListElement":[{"@type":"ListItem","position":1,"name":"Ondernemend Venlo","item":"https:\/\/www.ondernemendvenlo.nl\/"},{"@type":"ListItem","position":2,"name":"Ledenbijeenkomst Businesspark Spikweien"}]},{"@type":"WebSite","@id":"https:\/\/www.ondernemendvenlo.nl\/#website","url":"https:\/\/www.ondernemendvenlo.nl\/","name":"Venlo entrepreneurial","description":"Travailler ensemble avec succ\u00e8s","publisher":{"@id":"https:\/\/www.ondernemendvenlo.nl\/#organization"},"potentialAction":[{"@type":"SearchAction","target":{"@type":"EntryPoint","urlTemplate":"https:\/\/www.ondernemendvenlo.nl\/?s={search_term_string}"},"query-input":{"@type":"PropertyValueSpecification","valueRequired":true,"valueName":"search_term_string"}}],"inLanguage":"fr-FR"},{"@type":"Organization","@id":"https:\/\/www.ondernemendvenlo.nl\/#organization","name":"Venlo entrepreneurial","url":"https:\/\/www.ondernemendvenlo.nl\/","logo":{"@type":"ImageObject","inLanguage":"fr-FR","@id":"https:\/\/www.ondernemendvenlo.nl\/#\/schema\/logo\/image\/","url":"https:\/\/www.ondernemendvenlo.nl\/wp-content\/uploads\/2025\/02\/Ondernemend-Venlo-logo-scaled.webp","contentUrl":"https:\/\/www.ondernemendvenlo.nl\/wp-content\/uploads\/2025\/02\/Ondernemend-Venlo-logo-scaled.webp","width":2560,"height":1010,"caption":"Ondernemend Venlo"},"image":{"@id":"https:\/\/www.ondernemendvenlo.nl\/#\/schema\/logo\/image\/"},"sameAs":["https:\/\/www.linkedin.com\/company\/ondernemend-venlo\/"]}]}},"_links":{"self":[{"href":"https:\/\/www.ondernemendvenlo.nl\/fr\/wp-json\/wp\/v2\/events\/3700","targetHints":{"allow":["GET"]}}],"collection":[{"href":"https:\/\/www.ondernemendvenlo.nl\/fr\/wp-json\/wp\/v2\/events"}],"about":[{"href":"https:\/\/www.ondernemendvenlo.nl\/fr\/wp-json\/wp\/v2\/types\/events"}],"wp:featuredmedia":[{"embeddable":true,"href":"https:\/\/www.ondernemendvenlo.nl\/fr\/wp-json\/wp\/v2\/media\/4612"}],"wp:attachment":[{"href":"https:\/\/www.ondernemendvenlo.nl\/fr\/wp-json\/wp\/v2\/media?parent=3700"}],"curies":[{"name":"wp","href":"https:\/\/api.w.org\/{rel}","templated":true}]}}

Réunion des membres Business Park Spikweien

<p>Vendredi 13 juin, le Businesspark Spikweien organise une nouvelle réunion conviviale de ses membres.</p>
<p>Une visite guidée du vignoble 't Hanik à Lomm est prévue.</p>
<p>La réunion commence sur place à 16h00.</p>
<p>Les entreprises membres ont reçu une invitation avec un lien d'inscription.</p>
<p>&nbsp;</p>

<!-- This site is optimized with the Yoast SEO plugin v26.3 - https://yoast.com/wordpress/plugins/seo/ -->
<title>Ledenbijeenkomst Businesspark Spikweien - Ondernemend Venlo</title>
<meta name="robots" content="index, follow, max-snippet:-1, max-image-preview:large, max-video-preview:-1" />
<link rel="canonical" href="https://www.ondernemendvenlo.nl/fr/events/ledenbijeenkomst-businesspark-spikweien/" />
<meta property="og:locale" content="fr_FR" />
<meta property="og:type" content="article" />
<meta property="og:title" content="Ledenbijeenkomst Businesspark Spikweien - Ondernemend Venlo" />
<meta property="og:description" content="Vrijdag 13 juni organiseert Businesspark Spikweien weer een gezellige ledenbijeenkomst. Er wordt een bezoek gebracht met rondleiding aan de Wijngaard ’t Hanik in Lomm Bijeenkomst start op locatie om 16h00. Aangesloten bedrijven hebben een uitnodiging met aanmeldlink ontvangen. &nbsp;" />
<meta property="og:url" content="https://www.ondernemendvenlo.nl/fr/events/ledenbijeenkomst-businesspark-spikweien/" />
<meta property="og:site_name" content="Ondernemend Venlo" />
<meta property="article:modified_time" content="2025-06-12T13:38:29+00:00" />
<meta property="og:image" content="https://www.ondernemendvenlo.nl/wp-content/uploads/2025/04/2024-11-29-bijeenk.-Hertog-Jan-web2.jpg" />
	<meta property="og:image:width" content="800" />
	<meta property="og:image:height" content="600" />
	<meta property="og:image:type" content="image/jpeg" />
<meta name="twitter:card" content="summary_large_image" />
<meta name="twitter:label1" content="Durée de lecture estimée" />
	<meta name="twitter:data1" content="1 minute" />
<script type="application/ld+json" class="yoast-schema-graph">{"@context":"https://schema.org","@graph":[{"@type":"WebPage","@id":"https://www.ondernemendvenlo.nl/events/ledenbijeenkomst-businesspark-spikweien/","url":"https://www.ondernemendvenlo.nl/events/ledenbijeenkomst-businesspark-spikweien/","name":"Ledenbijeenkomst Businesspark Spikweien - Ondernemend Venlo","isPartOf":{"@id":"https://www.ondernemendvenlo.nl/#website"},"primaryImageOfPage":{"@id":"https://www.ondernemendvenlo.nl/events/ledenbijeenkomst-businesspark-spikweien/#primaryimage"},"image":{"@id":"https://www.ondernemendvenlo.nl/events/ledenbijeenkomst-businesspark-spikweien/#primaryimage"},"thumbnailUrl":"https://www.ondernemendvenlo.nl/wp-content/uploads/2025/04/2024-11-29-bijeenk.-Hertog-Jan-web2.jpg","datePublished":"2025-04-07T18:31:10+00:00","dateModified":"2025-06-12T13:38:29+00:00","breadcrumb":{"@id":"https://www.ondernemendvenlo.nl/events/ledenbijeenkomst-businesspark-spikweien/#breadcrumb"},"inLanguage":"fr-FR","potentialAction":[{"@type":"ReadAction","target":["https://www.ondernemendvenlo.nl/events/ledenbijeenkomst-businesspark-spikweien/"]}]},{"@type":"ImageObject","inLanguage":"fr-FR","@id":"https://www.ondernemendvenlo.nl/events/ledenbijeenkomst-businesspark-spikweien/#primaryimage","url":"https://www.ondernemendvenlo.nl/wp-content/uploads/2025/04/2024-11-29-bijeenk.-Hertog-Jan-web2.jpg","contentUrl":"https://www.ondernemendvenlo.nl/wp-content/uploads/2025/04/2024-11-29-bijeenk.-Hertog-Jan-web2.jpg","width":800,"height":600},{"@type":"BreadcrumbList","@id":"https://www.ondernemendvenlo.nl/events/ledenbijeenkomst-businesspark-spikweien/#breadcrumb","itemListElement":[{"@type":"ListItem","position":1,"name":"Ondernemend Venlo","item":"https://www.ondernemendvenlo.nl/"},{"@type":"ListItem","position":2,"name":"Ledenbijeenkomst Businesspark Spikweien"}]},{"@type":"WebSite","@id":"https://www.ondernemendvenlo.nl/#website","url":"https://www.ondernemendvenlo.nl/","name":"Ondernemend Venlo","description":"Samen succesvol ondernemen","publisher":{"@id":"https://www.ondernemendvenlo.nl/#organization"},"potentialAction":[{"@type":"SearchAction","target":{"@type":"EntryPoint","urlTemplate":"https://www.ondernemendvenlo.nl/?s={search_term_string}"},"query-input":{"@type":"PropertyValueSpecification","valueRequired":true,"valueName":"search_term_string"}}],"inLanguage":"fr-FR"},{"@type":"Organization","@id":"https://www.ondernemendvenlo.nl/#organization","name":"Ondernemend Venlo","url":"https://www.ondernemendvenlo.nl/","logo":{"@type":"ImageObject","inLanguage":"fr-FR","@id":"https://www.ondernemendvenlo.nl/#/schema/logo/image/","url":"https://www.ondernemendvenlo.nl/wp-content/uploads/2025/02/Ondernemend-Venlo-logo-scaled.webp","contentUrl":"https://www.ondernemendvenlo.nl/wp-content/uploads/2025/02/Ondernemend-Venlo-logo-scaled.webp","width":2560,"height":1010,"caption":"Ondernemend Venlo"},"image":{"@id":"https://www.ondernemendvenlo.nl/#/schema/logo/image/"},"sameAs":["https://www.linkedin.com/company/ondernemend-venlo/"]}]}</script>
<!-- / Yoast SEO plugin. -->

Travailler ensemble avec succès
