{"id":3670,"date":"2025-04-07T19:50:28","date_gmt":"2025-04-07T17:50:28","guid":{"rendered":"https:\/\/www.ondernemendvenlo.nl\/?page_id=3670"},"modified":"2025-04-10T15:31:26","modified_gmt":"2025-04-10T13:31:26","slug":"regionale-branding","status":"publish","type":"page","link":"https:\/\/www.ondernemendvenlo.nl\/fr\/projecten\/regionale-branding\/","title":{"rendered":"Marque r\u00e9gionale"},"content":{"rendered":"<div data-elementor-type=\"wp-page\" data-elementor-id=\"3670\" class=\"elementor elementor-3670\" data-elementor-post-type=\"page\">\n\t\t\t\t<div class=\"elementor-element elementor-element-b796208 e-flex e-con-boxed e-con e-parent\" data-id=\"b796208\" data-element_type=\"container\">\n\t\t\t\t\t<div class=\"e-con-inner\">\n\t\t\t\t<div class=\"elementor-element elementor-element-fcd6a61 elementor-widget elementor-widget-heading\" data-id=\"fcd6a61\" data-element_type=\"widget\" data-widget_type=\"heading.default\">\n\t\t\t\t<div class=\"elementor-widget-container\">\n\t\t\t\t\t<h2 class=\"elementor-heading-title elementor-size-default\">Am\u00e9liorer l'image de marque de la r\u00e9gion<\/h2>\t\t\t\t<\/div>\n\t\t\t\t<\/div>\n\t\t\t\t<div class=\"elementor-element elementor-element-3319654 elementor-widget elementor-widget-text-editor\" data-id=\"3319654\" data-element_type=\"widget\" data-widget_type=\"text-editor.default\">\n\t\t\t\t<div class=\"elementor-widget-container\">\n\t\t\t\t\t\t\t\t\t<p>Entrepreneurial Venlo travaille \u00e0 l'\u00e9laboration d'une image puissante et reconnaissable, \u00e0 la hauteur de l'ambition de notre r\u00e9gion. Gr\u00e2ce \u00e0 une meilleure image de marque r\u00e9gionale, nous rendons continuellement visible ce sur quoi nous travaillons et comment nous contribuons \u00e0 l'agenda du d\u00e9veloppement \u00e9conomique (OEV).<\/p><p><strong>Nous renfor\u00e7ons notre communication en :<\/strong><\/p><ul><li>Visibilit\u00e9 active des initiatives r\u00e9gionales en cours<\/li><li>Promouvoir les partenariats avec Brainport, Brightlands et Regiodeal, entre autres.<\/li><li>R\u00e9cup\u00e9rer et partager des histoires d'entrepreneurs sur les plateformes appropri\u00e9es<\/li><li>Professionnalisation de l'identit\u00e9 et de l'image de l'entreprise<\/li><li>L'offre group\u00e9e comme plate-forme de communication pour les membres<\/li><li>Nouveau site web pour une meilleure visibilit\u00e9 externe<\/li><li>Construire une communaut\u00e9 active avec de la valeur pour tous<\/li><li>Des moments de relations publiques astucieusement planifi\u00e9s autour d'\u00e9v\u00e9nements et d'\u00e9tapes importantes<\/li><\/ul><p><br \/>C'est ainsi que nous construisons ensemble une image plus forte et un impact plus important dans la r\u00e9gion.<\/p>\t\t\t\t\t\t\t\t<\/div>\n\t\t\t\t<\/div>\n\t\t\t\t\t<\/div>\n\t\t\t\t<\/div>\n\t\t\t\t<\/div>","protected":false},"excerpt":{"rendered":"<p>Verbeteren van de regionale branding Ondernemend Venlo werkt aan een krachtige, herkenbare uitstraling die past bij de ambitie van onze regio. Met een verbeterde regionale branding maken we continu zichtbaar waar we aan werken en hoe we bijdragen aan de economische ontwikkelagenda (OEV). We versterken onze communicatie door: Actieve zichtbaarheid van lopende regionale initiatieven Uitdragen [&hellip;]<\/p>","protected":false},"author":1,"featured_media":0,"parent":700,"menu_order":2,"comment_status":"closed","ping_status":"closed","template":"","meta":{"_acf_changed":false,"footnotes":""},"class_list":["post-3670","page","type-page","status-publish","hentry"],"acf":[],"yoast_head":"<!-- This site is optimized with the Yoast SEO plugin v26.3 - https:\/\/yoast.com\/wordpress\/plugins\/seo\/ -->\n<title>Regionale branding - Ondernemend Venlo<\/title>\n<meta name=\"robots\" content=\"index, follow, max-snippet:-1, max-image-preview:large, max-video-preview:-1\" \/>\n<link rel=\"canonical\" href=\"https:\/\/www.ondernemendvenlo.nl\/fr\/projecten\/regionale-branding\/\" \/>\n<meta property=\"og:locale\" content=\"fr_FR\" \/>\n<meta property=\"og:type\" content=\"article\" \/>\n<meta property=\"og:title\" content=\"Regionale branding - Ondernemend Venlo\" \/>\n<meta property=\"og:description\" content=\"Verbeteren van de regionale branding Ondernemend Venlo werkt aan een krachtige, herkenbare uitstraling die past bij de ambitie van onze regio. Met een verbeterde regionale branding maken we continu zichtbaar waar we aan werken en hoe we bijdragen aan de economische ontwikkelagenda (OEV). We versterken onze communicatie door: Actieve zichtbaarheid van lopende regionale initiatieven Uitdragen [&hellip;]\" \/>\n<meta property=\"og:url\" content=\"https:\/\/www.ondernemendvenlo.nl\/fr\/projecten\/regionale-branding\/\" \/>\n<meta property=\"og:site_name\" content=\"Ondernemend Venlo\" \/>\n<meta property=\"article:modified_time\" content=\"2025-04-10T13:31:26+00:00\" \/>\n<meta name=\"twitter:card\" content=\"summary_large_image\" \/>\n<meta name=\"twitter:label1\" content=\"Dur\u00e9e de lecture estim\u00e9e\" \/>\n\t<meta name=\"twitter:data1\" content=\"1 minute\" \/>\n<script type=\"application\/ld+json\" class=\"yoast-schema-graph\">{\"@context\":\"https:\/\/schema.org\",\"@graph\":[{\"@type\":\"WebPage\",\"@id\":\"https:\/\/www.ondernemendvenlo.nl\/projecten\/regionale-branding\/\",\"url\":\"https:\/\/www.ondernemendvenlo.nl\/projecten\/regionale-branding\/\",\"name\":\"Regionale branding - Ondernemend Venlo\",\"isPartOf\":{\"@id\":\"https:\/\/www.ondernemendvenlo.nl\/#website\"},\"datePublished\":\"2025-04-07T17:50:28+00:00\",\"dateModified\":\"2025-04-10T13:31:26+00:00\",\"breadcrumb\":{\"@id\":\"https:\/\/www.ondernemendvenlo.nl\/projecten\/regionale-branding\/#breadcrumb\"},\"inLanguage\":\"fr-FR\",\"potentialAction\":[{\"@type\":\"ReadAction\",\"target\":[\"https:\/\/www.ondernemendvenlo.nl\/projecten\/regionale-branding\/\"]}]},{\"@type\":\"BreadcrumbList\",\"@id\":\"https:\/\/www.ondernemendvenlo.nl\/projecten\/regionale-branding\/#breadcrumb\",\"itemListElement\":[{\"@type\":\"ListItem\",\"position\":1,\"name\":\"Ondernemend Venlo\",\"item\":\"https:\/\/www.ondernemendvenlo.nl\/\"},{\"@type\":\"ListItem\",\"position\":2,\"name\":\"Projecten\",\"item\":\"https:\/\/www.ondernemendvenlo.nl\/projecten\/\"},{\"@type\":\"ListItem\",\"position\":3,\"name\":\"Regionale branding\"}]},{\"@type\":\"WebSite\",\"@id\":\"https:\/\/www.ondernemendvenlo.nl\/#website\",\"url\":\"https:\/\/www.ondernemendvenlo.nl\/\",\"name\":\"Ondernemend Venlo\",\"description\":\"Samen succesvol ondernemen\",\"publisher\":{\"@id\":\"https:\/\/www.ondernemendvenlo.nl\/#organization\"},\"potentialAction\":[{\"@type\":\"SearchAction\",\"target\":{\"@type\":\"EntryPoint\",\"urlTemplate\":\"https:\/\/www.ondernemendvenlo.nl\/?s={search_term_string}\"},\"query-input\":{\"@type\":\"PropertyValueSpecification\",\"valueRequired\":true,\"valueName\":\"search_term_string\"}}],\"inLanguage\":\"fr-FR\"},{\"@type\":\"Organization\",\"@id\":\"https:\/\/www.ondernemendvenlo.nl\/#organization\",\"name\":\"Ondernemend Venlo\",\"url\":\"https:\/\/www.ondernemendvenlo.nl\/\",\"logo\":{\"@type\":\"ImageObject\",\"inLanguage\":\"fr-FR\",\"@id\":\"https:\/\/www.ondernemendvenlo.nl\/#\/schema\/logo\/image\/\",\"url\":\"https:\/\/www.ondernemendvenlo.nl\/wp-content\/uploads\/2025\/02\/Ondernemend-Venlo-logo-scaled.webp\",\"contentUrl\":\"https:\/\/www.ondernemendvenlo.nl\/wp-content\/uploads\/2025\/02\/Ondernemend-Venlo-logo-scaled.webp\",\"width\":2560,\"height\":1010,\"caption\":\"Ondernemend Venlo\"},\"image\":{\"@id\":\"https:\/\/www.ondernemendvenlo.nl\/#\/schema\/logo\/image\/\"},\"sameAs\":[\"https:\/\/www.linkedin.com\/company\/ondernemend-venlo\/\"]}]}<\/script>\n<!-- \/ Yoast SEO plugin. -->","yoast_head_json":{"title":"Regionale branding - Ondernemend Venlo","robots":{"index":"index","follow":"follow","max-snippet":"max-snippet:-1","max-image-preview":"max-image-preview:large","max-video-preview":"max-video-preview:-1"},"canonical":"https:\/\/www.ondernemendvenlo.nl\/fr\/projecten\/regionale-branding\/","og_locale":"fr_FR","og_type":"article","og_title":"Regionale branding - Ondernemend Venlo","og_description":"Verbeteren van de regionale branding Ondernemend Venlo werkt aan een krachtige, herkenbare uitstraling die past bij de ambitie van onze regio. Met een verbeterde regionale branding maken we continu zichtbaar waar we aan werken en hoe we bijdragen aan de economische ontwikkelagenda (OEV). We versterken onze communicatie door: Actieve zichtbaarheid van lopende regionale initiatieven Uitdragen [&hellip;]","og_url":"https:\/\/www.ondernemendvenlo.nl\/fr\/projecten\/regionale-branding\/","og_site_name":"Ondernemend Venlo","article_modified_time":"2025-04-10T13:31:26+00:00","twitter_card":"summary_large_image","twitter_misc":{"Dur\u00e9e de lecture estim\u00e9e":"1 minute"},"schema":{"@context":"https:\/\/schema.org","@graph":[{"@type":"WebPage","@id":"https:\/\/www.ondernemendvenlo.nl\/projecten\/regionale-branding\/","url":"https:\/\/www.ondernemendvenlo.nl\/projecten\/regionale-branding\/","name":"Regionale branding - Ondernemend Venlo","isPartOf":{"@id":"https:\/\/www.ondernemendvenlo.nl\/#website"},"datePublished":"2025-04-07T17:50:28+00:00","dateModified":"2025-04-10T13:31:26+00:00","breadcrumb":{"@id":"https:\/\/www.ondernemendvenlo.nl\/projecten\/regionale-branding\/#breadcrumb"},"inLanguage":"fr-FR","potentialAction":[{"@type":"ReadAction","target":["https:\/\/www.ondernemendvenlo.nl\/projecten\/regionale-branding\/"]}]},{"@type":"BreadcrumbList","@id":"https:\/\/www.ondernemendvenlo.nl\/projecten\/regionale-branding\/#breadcrumb","itemListElement":[{"@type":"ListItem","position":1,"name":"Ondernemend Venlo","item":"https:\/\/www.ondernemendvenlo.nl\/"},{"@type":"ListItem","position":2,"name":"Projecten","item":"https:\/\/www.ondernemendvenlo.nl\/projecten\/"},{"@type":"ListItem","position":3,"name":"Regionale branding"}]},{"@type":"WebSite","@id":"https:\/\/www.ondernemendvenlo.nl\/#website","url":"https:\/\/www.ondernemendvenlo.nl\/","name":"Venlo entrepreneurial","description":"Travailler ensemble avec succ\u00e8s","publisher":{"@id":"https:\/\/www.ondernemendvenlo.nl\/#organization"},"potentialAction":[{"@type":"SearchAction","target":{"@type":"EntryPoint","urlTemplate":"https:\/\/www.ondernemendvenlo.nl\/?s={search_term_string}"},"query-input":{"@type":"PropertyValueSpecification","valueRequired":true,"valueName":"search_term_string"}}],"inLanguage":"fr-FR"},{"@type":"Organization","@id":"https:\/\/www.ondernemendvenlo.nl\/#organization","name":"Venlo entrepreneurial","url":"https:\/\/www.ondernemendvenlo.nl\/","logo":{"@type":"ImageObject","inLanguage":"fr-FR","@id":"https:\/\/www.ondernemendvenlo.nl\/#\/schema\/logo\/image\/","url":"https:\/\/www.ondernemendvenlo.nl\/wp-content\/uploads\/2025\/02\/Ondernemend-Venlo-logo-scaled.webp","contentUrl":"https:\/\/www.ondernemendvenlo.nl\/wp-content\/uploads\/2025\/02\/Ondernemend-Venlo-logo-scaled.webp","width":2560,"height":1010,"caption":"Ondernemend Venlo"},"image":{"@id":"https:\/\/www.ondernemendvenlo.nl\/#\/schema\/logo\/image\/"},"sameAs":["https:\/\/www.linkedin.com\/company\/ondernemend-venlo\/"]}]}},"_links":{"self":[{"href":"https:\/\/www.ondernemendvenlo.nl\/fr\/wp-json\/wp\/v2\/pages\/3670","targetHints":{"allow":["GET"]}}],"collection":[{"href":"https:\/\/www.ondernemendvenlo.nl\/fr\/wp-json\/wp\/v2\/pages"}],"about":[{"href":"https:\/\/www.ondernemendvenlo.nl\/fr\/wp-json\/wp\/v2\/types\/page"}],"author":[{"embeddable":true,"href":"https:\/\/www.ondernemendvenlo.nl\/fr\/wp-json\/wp\/v2\/users\/1"}],"replies":[{"embeddable":true,"href":"https:\/\/www.ondernemendvenlo.nl\/fr\/wp-json\/wp\/v2\/comments?post=3670"}],"version-history":[{"count":3,"href":"https:\/\/www.ondernemendvenlo.nl\/fr\/wp-json\/wp\/v2\/pages\/3670\/revisions"}],"predecessor-version":[{"id":4925,"href":"https:\/\/www.ondernemendvenlo.nl\/fr\/wp-json\/wp\/v2\/pages\/3670\/revisions\/4925"}],"up":[{"embeddable":true,"href":"https:\/\/www.ondernemendvenlo.nl\/fr\/wp-json\/wp\/v2\/pages\/700"}],"wp:attachment":[{"href":"https:\/\/www.ondernemendvenlo.nl\/fr\/wp-json\/wp\/v2\/media?parent=3670"}],"curies":[{"name":"wp","href":"https:\/\/api.w.org\/{rel}","templated":true}]}}

Marque régionale

<div data-elementor-type="wp-page" data-elementor-id="3670" class="elementor elementor-3670" data-elementor-post-type="page">
				<div class="elementor-element elementor-element-b796208 e-flex e-con-boxed e-con e-parent" data-id="b796208" data-element_type="container">
					<div class="e-con-inner">
				<div class="elementor-element elementor-element-fcd6a61 elementor-widget elementor-widget-heading" data-id="fcd6a61" data-element_type="widget" data-widget_type="heading.default">
				<div class="elementor-widget-container">
					<h2 class="elementor-heading-title elementor-size-default">Améliorer l'image de marque de la région</h2>				</div>
				</div>
				<div class="elementor-element elementor-element-3319654 elementor-widget elementor-widget-text-editor" data-id="3319654" data-element_type="widget" data-widget_type="text-editor.default">
				<div class="elementor-widget-container">
									<p>Entrepreneurial Venlo travaille à l'élaboration d'une image puissante et reconnaissable, à la hauteur de l'ambition de notre région. Grâce à une meilleure image de marque régionale, nous rendons continuellement visible ce sur quoi nous travaillons et comment nous contribuons à l'agenda du développement économique (OEV).</p><p><strong>Nous renforçons notre communication en :</strong></p><ul><li>Visibilité active des initiatives régionales en cours</li><li>Promouvoir les partenariats avec Brainport, Brightlands et Regiodeal, entre autres.</li><li>Récupérer et partager des histoires d'entrepreneurs sur les plateformes appropriées</li><li>Professionnalisation de l'identité et de l'image de l'entreprise</li><li>L'offre groupée comme plate-forme de communication pour les membres</li><li>Nouveau site web pour une meilleure visibilité externe</li><li>Construire une communauté active avec de la valeur pour tous</li><li>Des moments de relations publiques astucieusement planifiés autour d'événements et d'étapes importantes</li></ul><p><br />C'est ainsi que nous construisons ensemble une image plus forte et un impact plus important dans la région.</p>								</div>
				</div>
					</div>
				</div>
				</div>

<!-- This site is optimized with the Yoast SEO plugin v26.3 - https://yoast.com/wordpress/plugins/seo/ -->
<title>Regionale branding - Ondernemend Venlo</title>
<meta name="robots" content="index, follow, max-snippet:-1, max-image-preview:large, max-video-preview:-1" />
<link rel="canonical" href="https://www.ondernemendvenlo.nl/fr/projecten/regionale-branding/" />
<meta property="og:locale" content="fr_FR" />
<meta property="og:type" content="article" />
<meta property="og:title" content="Regionale branding - Ondernemend Venlo" />
<meta property="og:description" content="Verbeteren van de regionale branding Ondernemend Venlo werkt aan een krachtige, herkenbare uitstraling die past bij de ambitie van onze regio. Met een verbeterde regionale branding maken we continu zichtbaar waar we aan werken en hoe we bijdragen aan de economische ontwikkelagenda (OEV). We versterken onze communicatie door: Actieve zichtbaarheid van lopende regionale initiatieven Uitdragen [&hellip;]" />
<meta property="og:url" content="https://www.ondernemendvenlo.nl/fr/projecten/regionale-branding/" />
<meta property="og:site_name" content="Ondernemend Venlo" />
<meta property="article:modified_time" content="2025-04-10T13:31:26+00:00" />
<meta name="twitter:card" content="summary_large_image" />
<meta name="twitter:label1" content="Durée de lecture estimée" />
	<meta name="twitter:data1" content="1 minute" />
<script type="application/ld+json" class="yoast-schema-graph">{"@context":"https://schema.org","@graph":[{"@type":"WebPage","@id":"https://www.ondernemendvenlo.nl/projecten/regionale-branding/","url":"https://www.ondernemendvenlo.nl/projecten/regionale-branding/","name":"Regionale branding - Ondernemend Venlo","isPartOf":{"@id":"https://www.ondernemendvenlo.nl/#website"},"datePublished":"2025-04-07T17:50:28+00:00","dateModified":"2025-04-10T13:31:26+00:00","breadcrumb":{"@id":"https://www.ondernemendvenlo.nl/projecten/regionale-branding/#breadcrumb"},"inLanguage":"fr-FR","potentialAction":[{"@type":"ReadAction","target":["https://www.ondernemendvenlo.nl/projecten/regionale-branding/"]}]},{"@type":"BreadcrumbList","@id":"https://www.ondernemendvenlo.nl/projecten/regionale-branding/#breadcrumb","itemListElement":[{"@type":"ListItem","position":1,"name":"Ondernemend Venlo","item":"https://www.ondernemendvenlo.nl/"},{"@type":"ListItem","position":2,"name":"Projecten","item":"https://www.ondernemendvenlo.nl/projecten/"},{"@type":"ListItem","position":3,"name":"Regionale branding"}]},{"@type":"WebSite","@id":"https://www.ondernemendvenlo.nl/#website","url":"https://www.ondernemendvenlo.nl/","name":"Ondernemend Venlo","description":"Samen succesvol ondernemen","publisher":{"@id":"https://www.ondernemendvenlo.nl/#organization"},"potentialAction":[{"@type":"SearchAction","target":{"@type":"EntryPoint","urlTemplate":"https://www.ondernemendvenlo.nl/?s={search_term_string}"},"query-input":{"@type":"PropertyValueSpecification","valueRequired":true,"valueName":"search_term_string"}}],"inLanguage":"fr-FR"},{"@type":"Organization","@id":"https://www.ondernemendvenlo.nl/#organization","name":"Ondernemend Venlo","url":"https://www.ondernemendvenlo.nl/","logo":{"@type":"ImageObject","inLanguage":"fr-FR","@id":"https://www.ondernemendvenlo.nl/#/schema/logo/image/","url":"https://www.ondernemendvenlo.nl/wp-content/uploads/2025/02/Ondernemend-Venlo-logo-scaled.webp","contentUrl":"https://www.ondernemendvenlo.nl/wp-content/uploads/2025/02/Ondernemend-Venlo-logo-scaled.webp","width":2560,"height":1010,"caption":"Ondernemend Venlo"},"image":{"@id":"https://www.ondernemendvenlo.nl/#/schema/logo/image/"},"sameAs":["https://www.linkedin.com/company/ondernemend-venlo/"]}]}</script>
<!-- / Yoast SEO plugin. -->

Travailler ensemble avec succès
